 l be c(u). Is k(l) prime?
False
Suppose 5852 = -6*w - 490. Let z = 846 - w. Is z a prime number?
False
Let s(j) = 77*j**2 + 10*j + 24. Let g be s(14). Let t = 5107 + -2128. Suppose -t = -5*o + g. Is o prime?
False
Let x = -15634 - -158820. Is x composite?
True
Suppose 16*z = 2*c + 13*z - 3252, 5*c = 2*z + 8108. Let n = c + -849. Is n a composite number?
True
Is (((-40)/(-150))/((-16)/40))/(4/(-52914)) a prime number?
True
Let h(f) = 3*f**2 + 123*f + 277583. Is h(0) composite?
True
Let y(h) = 32*h + 3. Let v be y(4). Let i be (-8 + 19/3)/(35/(-42)). Is v*(3/3*3 - i) a prime number?
True
Let l(d) = 11*d**3 - 11*d**2 + 55*d - 23. Is l(10) composite?
False
Let a(u) = -9604*u + 10929. Is a(-13) composite?
False
Suppose 295*k = 236*k + 211987. Is k composite?
False
Let p = 339152 - 201715. Is p prime?
True
Let d(g) be the second derivative of -g**5/10 + 2*g**3/3 - 3*g**2/2 + 14*g. Let i be d(2). Let n(c) = -c**3 - 12*c**2 - 10*c + 15. Is n(i) composite?
True
Suppose 2*s = 3*q - 51539, -5*q - 6*s + 85930 = -3*s. Suppose 6*p - 49001 = -q. Is p prime?
True
Let h = -41 - -44. Suppose 3*r + 45 = 3*g, -3*g = -0*r + h*r - 15. Is 3030/8 - g/(-40) composite?
False
Let y(t) = -t**3 + 9*t**2 + 3*t - 11. Let x be y(9). Let u be (-12)/x*-4 + 681. Suppose -26 = 2*n - u. Is n a prime number?
False
Suppose -17*n + 798762 = -4*n + 36481. Is n a prime number?
False
Suppose -5*c + 74665 = -4*m, 5*c + 2*m = -0*m + 74635. Let q = c + -10416. Is q a composite number?
False
Let r(m) = 234*m**2 - 125*m + 1924. Is r(21) composite?
True
Let w = -1167 - -602. Is -1 - ((-336)/(-30))/(2/w) a prime number?
True
Let t(j) = -1546*j + 4001. Is t(-68) composite?
True
Let b(l) = 8*l**3 - 20*l**2 - 22*l + 11. Suppose -6*u + 77 = 5*u. Is b(u) composite?
False
Suppose -4*m - 9*c = -6*c - 2785594, 3*m - 4*c - 2089183 = 0. Is m a prime number?
False
Let g be 3*(-1 - (-1860)/9). Let y be ((-10)/(-45) + 472/(-180))*-1130. Let n = y - g. Is n prime?
False
Let j = 6 - 8. Let u be (-4)/8 + 64187/j. Is (-2)/3*u/12 a prime number?
True
Is ((-360)/(-32))/(-15)*530/(-15)*5722 prime?
False
Let u(z) = 6496*z + 184. Let o be u(5). Let b = -18625 + o. Is b composite?
True
Let b be ((-21)/(-4))/((-54)/(-360)). Suppose b*k - 225524 = 9*k. Is k a composite number?
True
Suppose -h = h + 30. Let k(t) = -t**3 - 22*t**2 - 32*t - 22. Let g be k(h). Let q = -162 - g. Is q a prime number?
False
Let g be (-1)/((-3)/6 - (-3)/10). Suppose -g*a - n + 10 = -3*n, n = -3*a + 6. Suppose 5251 = 4*f - a*f + 5*r, -10493 = -4*f - r. Is f a prime number?
False
Suppose w + 4*l = 6*w - 8176, -8177 = -5*w + 3*l. Suppose 1408 = o + r, 2*o - 4449 = -r - w. Is o prime?
False
Let m(d) = 5*d + 8*d**2 - 9 + 0*d - d**2. Suppose 11*n - 1043 = -988. Is m(n) composite?
False
Suppose -4*f + 64977 + 111115 = 0. Suppose 32*x - f = 13*x. Is x a composite number?
True
Let i be ((-155)/93)/((-2)/894). Let g = i - 44. Is g a composite number?
False
Let k = 330833 - 94572. Is k prime?
True
Let u = -9305 + 29262. Is u composite?
True
Is ((-2)/16)/(96/768) - (-2 - 50646) prime?
True
Let q = -765008 + 1164361. Is q a prime number?
True
Let d = 139 + -135. Suppose 5*p + 5*z = 11210, 9*p - 11170 = d*p + 3*z. Is p prime?
True
Let c(l) be the third derivative of 131*l**6/120 + l**4/8 + 13*l**3/6 - 107*l**2. Is c(3) composite?
False
Suppose -86*z - 2139301 = -3*x - 81*z, -3*x + 2139309 = -3*z. Is x a prime number?
True
Suppose -5*d = 0, -9*d = 3*m - 4*d - 4557. Suppose -2*y = 2*y - 20, -469 = -3*w - 5*y. Suppose l + 2*j = 1675, w + m = l - 2*j. Is l a composite number?
True
Is ((-106270)/20)/(13/(-442)) a prime number?
False
Let c(i) = -i**2 + 13*i - 3. Let u be c(10). Let m = 36 + u. Suppose -t + 4*f = -m, 5*f - 23 - 13 = -t. Is t a prime number?
False
Let t be 4/(-22) + 840/385. Suppose 5*o + d = 97 + 14, -t*o + 66 = -5*d. Is o prime?
True
Let t = 2426 + 1751. Let m = t - 1616. Is m prime?
False
Let a = 44656 + -10533. Is a composite?
False
Suppose -385*i + 187*i = -186*i - 1679484. Is i prime?
False
Let i(h) = h**3 + 9*h**2 + 5*h - 3. Suppose -5*m + 5 = 40. Let y be i(m). Let r = -5 + y. Is r prime?
False
Let z = -6633 + 67888. Is z composite?
True
Let u = -30287 + 69880. Suppose 0 = 9*f - 26*f + u. Is f prime?
False
Is ((-18)/(-4) - 7/14) + (60821 - -34) composite?
False
Let k(b) = 670*b - 2. Suppose -5*c - 3*y + 15 = 0, 3*c + 5*y = -1 + 10. Let i be k(c). Suppose 0 = h + 3, -3*l - 3*h + 5342 = -i. Is l prime?
False
Let m(s) = -23*s**2 - 3*s**3 + 32 + 30 - 15 + 2 + 6*s. Is m(-16) composite?
False
Suppose 14*h - 15841973 = -1463287. Is h a composite number?
True
Suppose 0*g + 5*s = 4*g - 9615, 7209 = 3*g - 3*s. Suppose 2*u - 4*m - 1384 - g = 0, -2*m = 4*u - 7598. Let w = 3297 - u. Is w a prime number?
True
Suppose -5799*h + 5797*h = -10866. Is h a composite number?
True
Let f = -161 + 151. Is 2893 + 22/8 + f/(-8) a composite number?
False
Let b(f) = -f**2 - 11*f - 6. Let v be b(-10). Suppose v*w - 141 = -45. Suppose -26*c = -w*c - 1774. Is c a composite number?
False
Let w(s) = -353*s**3 + 4*s**2 + 12*s + 3. Let p = -152 + 150. Is w(p) a composite number?
False
Let f be (10 + -11)/(2/(-76)). Let u = f + -28. Suppose 3*l + 133 = 5*m, -u*m + 6*m + 4*l = -108. Is m prime?
False
Let q be (-60)/25*(-2 + 862/(-4)). Suppose -4*b = 2*g - q, 5*g - 1315 = -0*g - 5*b. Suppose -2*n + 947 = 5*o, -5*n + 479 = 4*o - g. Is o prime?
True
Suppose -102*i - 4608397 = -173*i. Is i prime?
False
Suppose -3 + 6 = q + 5*i, -9 = -3*q + 5*i. Suppose -q*a - 4145 = -8*a. Is a a composite number?
False
Let j be 5727/18 - 20/120. Let q be (-934)/(-3) - 2/6. Let c = j + q. Is c prime?
False
Let r(v) = 1265*v**2 + 30*v + 1485. Is r(-32) a composite number?
True
Let b be ((-420)/24 + 13)*(-4 - 0). Suppose b*m + 33577 - 197179 = 0. Is m a prime number?
False
Suppose -217*k - 224968 = -213*k. Let m = k + 101045. Is m composite?
True
Let d be 16/3*((-1110)/(-12) + -1). Is (90/72)/((-1)/d*-2) a composite number?
True
Suppose -6*b + 65 + 19 = 0. Suppose -147556 = -b*t + 15138. Is t composite?
False
Let d = -51263 + 147634. Is d prime?
False
Let u(k) = 135*k**2 + 10 + 20 + 33*k - 19*k + 90*k**2. Is u(-5) a prime number?
False
Is 65999/((-36)/18 + 3) prime?
False
Suppose -5*v = 4*s - 70256, -s + 5083 = 3*v - 12474. Is s a composite number?
False
Suppose x - 7008 = -q - 0*q, 2*x = -5*q + 14028. Suppose 5*y - x = y. Suppose k + 2*w = 828 + 60, 2*k - y = w. Is k composite?
True
Let r = -3178 - 2649. Let w = 8754 + r. Is w prime?
True
Let u = -439 - -455. Suppose 14*y + k + 21944 = u*y, 0 = y - 2*k - 10969. Is y a prime number?
True
Let a be 858/154 + (-8)/14. Suppose 4*m - i = 3, -4*m - a*i + 10 = -23. Suppose h - m*h + 2028 = k, 2025 = h + 4*k. Is h a composite number?
False
Let p(k) = -2226*k + 518. Let n(f) = 1484*f - 345. Let c(y) = 8*n(y) + 5*p(y). Is c(6) a composite number?
True
Let p be 20/(-90) - 10003/63. Let w = p - -8626. Is w a composite number?
False
Let g = -123 + 116. Let v(u) = 82*u**2 - 23*u - 26. Is v(g) composite?
False
Let f(d) = -2*d + 73. Let u be f(35). Suppose -2*m + 9325 = u*v, 26*v - 6218 = 24*v - 2*m. Is v composite?
True
Let m = 74 + -75. Let d be ((8/(-14))/((-4)/(-14)))/m. Suppose 798 = 2*n + k, -d*k + 4 = -k. Is n prime?
True
Let j = 6912 - 10021. Let i = j - -4650. Is i a composite number?
True
Let s be 1/(-2 + 14/6). Let w(x) = -4*x**2 - 3*x - x**3 - 5*x**3 + 11*x**s + 9. Is w(4) composite?
True
Suppose -4*t + 25 = -0*t - j, -2*t - j + 11 = 0. Let b be (-25 + 58)*(-1 + 50/t). Suppose 5*x = -2*y + 103, -5*y + 4*x + b = x. Is y a composite number?
True
Is -838894*((-60)/56)/15 composite?
False
Suppose 0 = 4*m - 4*o - 58384, 38*m - 41*m + 43758 = 3*o. Is m a composite number?
False
Is 4/6*(-59784651)/(-498) prime?
False
Let h be 4/(-1) - ((-1 - 1) + 0). Is h*(47896/(-16) - (0 + -3)) a composite number?
False
Suppose -16*r + 4512 + 4704 = 0. Suppose 4*l = 4*q + 2516 + r, -5*q = -4*l + 3096. Is l a composite number?
False
Let o(t) = 8*t + 66. Suppose 2*z = 3*h - 17, z - 22 = -2*h - 3*z. Is o(h) composite?
True
Suppose 2*r = -4*p - 5844, 3*p = 6*p + 3*r + 4377. Let f = p - -2805. Suppose -6*w + 3176 = -f. Is w composite?
True
Suppose -3*f + 319655 = -11*h + 10*h, -4*f - 4*h = -426228. Is f a composite number?
True
Let m(c) = 2*c**2 + 12*c - 8. Suppose 3*y - 3